{"id":27,"date":"2013-09-28T20:16:17","date_gmt":"2013-09-28T18:16:17","guid":{"rendered":"http:\/\/ekoolimpiada.net.pl\/?page_id=27"},"modified":"2026-03-06T07:43:05","modified_gmt":"2026-03-06T06:43:05","slug":"kontakt","status":"publish","type":"page","link":"https:\/\/www.ekoolimpiada.pl\/?page_id=27","title":{"rendered":"Kontakt"},"content":{"rendered":"\n<p><strong>Dane teleadresowe Wojew\u00f3dzkich Komitet\u00f3w Olimpiady Wiedzy Ekologicznej<\/strong><\/p>\n\n\n\n<p><strong>woj. dolno\u015bl\u0105skie:<\/strong> Marta Wiktor &#8211; Zarz\u0105d Okr\u0119gu Ligi Ochrony Przyrody,<br>ul. Skarbowc\u00f3w 4, 53-025 WROC\u0141AW, tel. 71 339 77 11, e-mail: <a href=\"mailto:zo.wroclaw@lop.org.pl\">zo.wroclaw@lop.org.pl<\/a>, <a href=\"mailto:marta_wiktor@yahoo.com\">marta_wiktor@yahoo.com<\/a><\/p>\n\n\n\n<p><strong>woj. kujawsko-pomorskie: <\/strong>Katarzyna Przyby\u0142-Lipi\u0144ska &#8211; Wy\u017csza Szko\u0142a Zarz\u0105dzania \u015arodowiskiem w Tucholi, ul. Pocztowa 13, 89-500 TUCHOLA, tel. 503 110 340, e-mail: <a href=\"mailto:k.Iipinska@wszs-tuchoIa.pl\">k.Iipinska@wszs-tuchoIa.pl<\/a><\/p>\n\n\n\n<p><strong>woj. lubelskie:<\/strong> Magdalena \u017bychowska &#8211; Zesp\u00f3\u0142 Lubelskich Park\u00f3w Krajobrazowych, Oddzia\u0142 w Bia\u0142ej-Podlaskiej, ul. Warszawska 14, 21-500 BIA\u0141A PODLASKA, tel. 83 341 37 35, e-mail: <a href=\"mailto:magdalena.zychowska@zIpk.lubelskie.pl\">magdalena.zychowska@zIpk.lubelskie.pl<\/a><\/p>\n\n\n\n<p><strong>woj. lubuskie:<\/strong> Antoni Bia\u0142ek &#8211; Zarz\u0105d Okr\u0119gu Ligi Ochrony Przyrody, ul. Podg\u00f3rna 50c pok. 05, 65-247 ZIELONA G\u00d3RA, tel. 605 285 826, e-mail: <a href=\"mailto:Iowfunker@gmaiI.com\">Iowfunker@gmaiI.com<\/a><\/p>\n\n\n\n<p><strong>woj. \u0142\u00f3dzkie:<\/strong> Katarzyna Krakowska &#8211; Dyrektor Zespo\u0142u Park\u00f3w Krajobrazowych Wojew\u00f3dztwa \u0141\u00f3dzkiego, Paulina Pietrzak, ul. Solna 14, 91-423 \u0141\u00d3D\u0179, tel. 42 630 90 92, e-mail: <a href=\"mailto:p.pietrzak@parkilodzkie.pl\">p.pietrzak@parkilodzkie.pl<\/a>, <a href=\"mailto:info@parkilodzkie.pl\">info@parkilodzkie.pl<\/a><\/p>\n\n\n\n<p><strong>woj. ma\u0142opolskie:<\/strong> Sebastian A. Tylkowski, Alfred Kr\u00f3l &#8211; Zarz\u0105d Okr\u0119gu Ligi Ochrony Przyrody, AI. J. S\u0142owackiego 17 a, 30-159 KRAK\u00d3W, tel. 669 576 439, e-mail: <a href=\"mailto:sebastiantylkowski@vp.pl\">sebastiantylkowski@vp.pl<\/a>, tel. 602 211 904, e-mail: <a href=\"mailto:krol.aIfred@gmaiI.com\">krol.aIfred@gmaiI.com<\/a><\/p>\n\n\n\n<p><strong>woj. mazowieckie:<\/strong> Marek Krzemi\u0144ski, tel. 603 246 824, e-mail: <a href=\"mailto:marekkrzem@interia.pl\">marekkrzem@interia.pl<\/a>, Ewelina D\u0119bicka, tel. 663 561 330, e-mail: <a href=\"mailto:edebicka@kochanowski.radom.pl\">edebicka@kochanowski.radom.pl<\/a> &#8211; Zarz\u0105d Okr\u0119gu Ligi Ochrony Przyrody, ul. 25 Czerwca 68, 26-600 RADOM<\/p>\n\n\n\n<p><strong>woj. opolskie:<\/strong> Renata Kalka-Piegza &#8211; Pa\u0144stwowa Akademia Nauk Stosowanych w Nysie, ul. Obro\u0144c\u00f3w Tobruku 5, 48-300 NYSA, tel. 77 409 16 86, e-mail: <a href=\"mailto:promocja@pans.nysa.pl\">promocja@pans.nysa.pl<\/a><br><br><strong>woj. podkarpackie: <\/strong>Ewa Nowak-Koprowicz &#8211; Wy\u017csza Szko\u0142a Informatyki<br>i Zarz\u0105dzania, ul. Sucharskiego 2, pok. RA143, 35-225 RZESZ\u00d3W, tel.17&nbsp;866 13 05, e-mail:&nbsp;<a href=\"mailto:enowak@wsiz.edu.pl\" target=\"_blank\" rel=\"noreferrer noopener\">enowak@wsiz.edu.pl<\/a><\/p>\n\n\n\n<p><strong>woj. podlaskie:<\/strong> Agnieszka Kowalewska &#8211; Departament Ochrony \u015arodowiska Urz\u0119du Marsza\u0142kowskiego Wojew\u00f3dztwa Podlaskiego w Bia\u0142ymstoku. ul. Kardyna\u0142a Stefana Wyszy\u0144skiego 1, 15-888 BIA\u0141YSTOK, tel. 85 66 54 597, 85 66 54 157, e-mail: <a href=\"mailto:agnieszka.kowaIewska@podIaskie.eu\">agnieszka.kowaIewska@podIaskie.eu<\/a>, <a href=\"mailto:dos@podlaskie.eu\">dos@podlaskie.eu<\/a><\/p>\n\n\n\n<p><strong>woj. pomorskie:<\/strong> Dawid Kaczmarek, Beata Michno &#8211; Zarz\u0105d Okr\u0119gu Ligi Ochrony Przyrody, ul. Klimka 25 L, 84-241 GO\u015aCICINO, tel. 512 266 978, e-mail: <a href=\"mailto:davek5@wp.pl\">davek5@wp.pl<\/a><\/p>\n\n\n\n<p><strong>woj. \u015bl\u0105skie:<\/strong> Jolanta Mol &#8211; Zarz\u0105d Okr\u0119gu Ligi Ochrony Przyrody, ul. Bratk\u00f3w 4, 40-045 KATOWICE, tel. 535 888 290, 697 531 999, e-mail: <a href=\"mailto:jola.moI@pro.onet.pl\">jola.moI@pro.onet.pl<\/a><\/p>\n\n\n\n<p><strong>woj. \u015bwi\u0119tokrzyskie: <\/strong>prof. Marek J\u00f3\u017awiak, Stowarzyszenie Naukowe Europejski Instytut Kszta\u0142cenia Podyplomowego ElPOS-Kielce, ul. Rzeczna 2, 25-039 KIELCE, tel. 604 619 518; e-mail: <a href=\"mailto:marek.jozwiak.kielce@gmail.com\">marek.jozwiak.kielce@gmail.com<\/a><\/p>\n\n\n\n<p><strong>woj. warmi\u0144sko-mazurskie:<\/strong> Stanis\u0142aw Czachorowski &#8211; Wydzia\u0142 Biologii i Biotechnologii, Uniwersytet Warmi\u0144sko-Mazurski, ul. M.Oczapowskiego 1 A, 10-719 OLSZTYN, tel. 502 528 122, e-mail: <a href=\"http:\/\/stanislaw.czachorowski@.uwm.edu.pl\" data-type=\"link\" data-id=\"stanislaw.czachorowski@.uwm.edu.pl\">stanislaw.czachorowski@.uwm.edu.pl<\/a><\/p>\n\n\n\n<p><strong>woj. wielkopolskie:<\/strong> Karolina J\u0119dro &#8211; Departament Korzystania i Informacji o \u015arodowisku Urz\u0119du Marsza\u0142kowskiego Wojew\u00f3dztwa Wielkopolskiego w Poznaniu, al. Niepodleg\u0142o\u015bci 34, 61-714 POZNA\u0143, tel. 61 626 64 95, 61 626 64 00; e-mail: <a href=\"mailto:karolina.jedro@umww.pl\">karolina.jedro@umww.pl<\/a>, <a href=\"mailto:dsi.sekretariat@umww.pl\">dsi.sekretariat@umww.pl<\/a><\/p>\n\n\n\n<p><strong>woj. zachodniopomorskie:<\/strong> Barbara Ku\u017anicka &#8211; Wydzia\u0142 Ochrony \u015arodowiska Urz\u0105d Marsza\u0142kowski Wojew\u00f3dztwa Zachodniopomorskiego, ul. Marsza\u0142ka J\u00f3zefa Pi\u0142sudskiego 40, 70-421 SZCZECIN, tel. 91 454 26 74, e-mail: bkuznicka@wzp.pl, <a href=\"mailto:srodowisko@wzp.pl\">srodowisko@wzp.pl<\/a>.<\/p>\n","protected":false},"excerpt":{"rendered":"<p>Dane teleadresowe Wojew\u00f3dzkich Komitet\u00f3w Olimpiady Wiedzy Ekologicznej woj. dolno\u015bl\u0105skie: Marta Wiktor &#8211; Zarz\u0105d Okr\u0119gu Ligi Ochrony Przyrody,ul. Skarbowc\u00f3w 4, 53-025 WROC\u0141AW, tel. 71 339 77 11, e-mail: zo.wroclaw@lop.org.pl, marta_wiktor@yahoo.com woj. kujawsko-pomorskie: Katarzyna Przyby\u0142-Lipi\u0144ska &#8211; Wy\u017csza Szko\u0142a Zarz\u0105dzania \u015arodowiskiem w Tucholi, ul. Pocztowa 13, 89-500 TUCHOLA, tel. 503 110 340, e-mail: k.Iipinska@wszs-tuchoIa.pl woj. lubelskie: Magdalena \u017bychowska [&hellip;]<\/p>\n","protected":false},"author":1,"featured_media":0,"parent":0,"menu_order":0,"comment_status":"closed","ping_status":"open","template":"","meta":{"footnotes":""},"class_list":["post-27","page","type-page","status-publish","hentry"],"_links":{"self":[{"href":"https:\/\/www.ekoolimpiada.pl\/index.php?rest_route=\/wp\/v2\/pages\/27","targetHints":{"allow":["GET"]}}],"collection":[{"href":"https:\/\/www.ekoolimpiada.pl\/index.php?rest_route=\/wp\/v2\/pages"}],"about":[{"href":"https:\/\/www.ekoolimpiada.pl\/index.php?rest_route=\/wp\/v2\/types\/page"}],"author":[{"embeddable":true,"href":"https:\/\/www.ekoolimpiada.pl\/index.php?rest_route=\/wp\/v2\/users\/1"}],"replies":[{"embeddable":true,"href":"https:\/\/www.ekoolimpiada.pl\/index.php?rest_route=%2Fwp%2Fv2%2Fcomments&post=27"}],"version-history":[{"count":11,"href":"https:\/\/www.ekoolimpiada.pl\/index.php?rest_route=\/wp\/v2\/pages\/27\/revisions"}],"predecessor-version":[{"id":2033,"href":"https:\/\/www.ekoolimpiada.pl\/index.php?rest_route=\/wp\/v2\/pages\/27\/revisions\/2033"}],"wp:attachment":[{"href":"https:\/\/www.ekoolimpiada.pl\/index.php?rest_route=%2Fwp%2Fv2%2Fmedia&parent=27"}],"curies":[{"name":"wp","href":"https:\/\/api.w.org\/{rel}","templated":true}]}}